{"id":457,"date":"2023-03-16T14:32:43","date_gmt":"2023-03-16T14:32:43","guid":{"rendered":"https:\/\/lioahanoi.com\/?post_type=product&#038;p=457"},"modified":"2025-10-23T21:45:29","modified_gmt":"2025-10-23T21:45:29","slug":"lioa-3-pha-400kva-ngam-dau-model-d-400","status":"publish","type":"product","link":"https:\/\/lioahanoi.com\/?product=lioa-3-pha-400kva-ngam-dau-model-d-400","title":{"rendered":"LIOA 3 PHA 400KVA NG\u00c2M D\u1ea6U MODEL D-400"},"content":{"rendered":"<h3>\u0110\u1eb7c t\u00ednh<strong>\u00a0lioa 3 pha 400kva ng\u00e2m d\u1ea7u<\/strong><\/h3>\n<p>&#8211; S\u1eed d\u1ee5ng ngay sau bi\u1ebfn \u00e1p \u0111i\u1ec7n l\u1ef1c, cho c\u1ea3 nh\u00e0 m\u00e1y, khu c\u00f4ng nghi\u1ec7p, c\u00e1c t\u1ea3i c\u00f4ng su\u1ea5t l\u1edbn v.v&#8230;<\/p>\n<p>&#8211; Kh\u00f4ng d\u00f9ng ch\u1ed5i qu\u00e9t n\u00ean kh\u00f4ng ph\u1ea3i b\u1ea3o d\u01b0\u1ee1ng, tu\u1ed5i th\u1ecd tr\u00ean 30 n\u0103m<\/p>\n<p>&#8211; Khi \u0111i\u1ec7n \u00e1p \u0111\u1ea7u v\u00e0o \u1edf gi\u1edbi h\u1ea1n th\u1ea5p nh\u1ea5t th\u00ec v\u1eabn \u0111\u1ee7 100% c\u00f4ng su\u1ea5t<\/p>\n<p>&#8211; Kh\u1ea3 n\u0103ng ch\u1ecbu t\u1ea3i t\u1ee9c th\u1eddi g\u1ea5p 3 \u0111\u1ebfn 4 l\u1ea7n c\u00f4ng su\u1ea5t danh \u0111\u1ecbnh n\u00ean gi\u00fap kh\u1edfi \u0111\u1ed9ng c\u00e1c lo\u1ea1i \u0111\u1ed9ng c\u01a1 d\u1ec5 d\u00e0ng<\/p>\n<p>&#8211; K\u00edch th\u01b0\u1edbc nh\u1ecf g\u1ecdn, c\u00f3 th\u1ec3 l\u1eafp ngo\u00e0i tr\u1eddi<\/p>\n<h3>TH\u00d4NG S\u1ed0 K\u1ef8 THU\u1eacT\u00a0<strong>LIOA 400KVA NG\u00c2M D\u1ea6U<\/strong>\u00a0NH\u01af SAU<\/h3>\n<table>\n<tbody>\n<tr>\n<td>M\u00e3 s\u1ea3n ph\u1ea9m<\/td>\n<td>D \u2013 400<\/td>\n<\/tr>\n<tr>\n<td>\u0110i\u1ec7n \u00e1p v\u00e0o 3 pha<\/td>\n<td>304v\u00a0 ~ 456v (380v \u00b1 20% )<\/td>\n<\/tr>\n<tr>\n<td>\u0110i\u1ec7n \u00e1p ra 3 pha<\/td>\n<td>380v (\u00b11% ~ 5%)<\/td>\n<\/tr>\n<tr>\n<td>K\u00edch th\u01b0\u1edbc (DxRxC)mm<\/td>\n<td>(960x930x1840)mm<\/td>\n<\/tr>\n<tr>\n<td>Tr\u1ecdng l\u01b0\u1ee3ng (Kg)<\/td>\n<td>1150Kg<\/td>\n<\/tr>\n<tr>\n<td>H\u00e3ng s\u1ea3n xu\u1ea5t<\/td>\n<td>Lioa Nh\u1eadt Linh<\/td>\n<\/tr>\n<tr>\n<td>T\u1ea7n s\u1ed1<\/td>\n<td>49Hz ~ 62Hz<\/td>\n<\/tr>\n<tr>\n<td>Th\u1eddi gian \u0111\u00e1p \u1ee9ng v\u1edbi 10% \u0111i\u1ec7n \u00e1p v\u00e0o thay \u0111\u1ed5i<\/td>\n<td>1s<\/td>\n<\/tr>\n<tr>\n<td>Nhi\u1ec7t \u0111\u1ed9 m\u00f4i tr\u01b0\u1eddng<\/td>\n<td>-5\u00b0C ~ +40\u00b0C<\/td>\n<\/tr>\n<tr>\n<td>Nguy\u00ean l\u00fd \u0111i\u1ec1u khi\u1ec3n<\/td>\n<td>\u0110\u1ed9ng c\u01a1 Servo<\/td>\n<\/tr>\n<tr>\n<td>Ki\u1ec3u d\u00e1ng<\/td>\n<td>Ki\u1ec3u d\u00e1ng thay \u0111\u1ed5i kh\u00f4ng c\u1ea7n b\u00e1o tr\u01b0\u1edbc<\/td>\n<\/tr>\n<tr>\n<td>\u0110\u1ed9 c\u00e1ch \u0111i\u1ec7n<\/td>\n<td>L\u1edbn h\u01a1n 3M\u03a9 \u1edf \u0111i\u1ec7n \u00e1p 1 chi\u1ec1u 500V<\/td>\n<\/tr>\n<tr>\n<td>\u0110\u1ed9 b\u1ec1n \u0111i\u1ec7n<\/td>\n<td>Ki\u1ec3m tra \u0111i\u1ec7n \u00e1p 2000V trong v\u00f2ng 1 ph\u00fat<\/td>\n<\/tr>\n<\/tbody>\n<\/table>\n<h3><\/h3>\n<div class=\"ddict_btn\" style=\"top: 1171px; left: 604.609px;\"><img decoding=\"async\" src=\"chrome-extension:\/\/bpggmmljdiliancllaapiggllnkbjocb\/logo\/48.png\" \/><\/div>\n","protected":false},"excerpt":{"rendered":"<p>\u0110\u1eb7c t\u00ednh\u00a0lioa 3 pha 400kva ng\u00e2m d\u1ea7u &#8211; S\u1eed d\u1ee5ng ngay sau bi\u1ebfn \u00e1p \u0111i\u1ec7n l\u1ef1c, cho c\u1ea3 nh\u00e0 m\u00e1y, khu c\u00f4ng nghi\u1ec7p, c\u00e1c t\u1ea3i c\u00f4ng su\u1ea5t l\u1edbn v.v&#8230; &#8211; Kh\u00f4ng d\u00f9ng ch\u1ed5i qu\u00e9t n\u00ean kh\u00f4ng ph\u1ea3i b\u1ea3o d\u01b0\u1ee1ng, tu\u1ed5i th\u1ecd tr\u00ean 30 n\u0103m &#8211; Khi \u0111i\u1ec7n \u00e1p \u0111\u1ea7u v\u00e0o \u1edf gi\u1edbi h\u1ea1n th\u1ea5p nh\u1ea5t [&hellip;]<\/p>\n","protected":false},"featured_media":458,"comment_status":"open","ping_status":"closed","template":"","meta":[],"product_brand":[],"product_cat":[68],"product_tag":[],"class_list":{"0":"post-457","1":"product","2":"type-product","3":"status-publish","4":"has-post-thumbnail","6":"product_cat-on-ap-lioa-3-pha-ngam-dau-400kva","8":"first","9":"instock","10":"sale","11":"shipping-taxable","12":"purchasable","13":"product-type-simple"},"_links":{"self":[{"href":"https:\/\/lioahanoi.com\/index.php?rest_route=\/wp\/v2\/product\/457","targetHints":{"allow":["GET"]}}],"collection":[{"href":"https:\/\/lioahanoi.com\/index.php?rest_route=\/wp\/v2\/product"}],"about":[{"href":"https:\/\/lioahanoi.com\/index.php?rest_route=\/wp\/v2\/types\/product"}],"replies":[{"embeddable":true,"href":"https:\/\/lioahanoi.com\/index.php?rest_route=%2Fwp%2Fv2%2Fcomments&post=457"}],"wp:featuredmedia":[{"embeddable":true,"href":"https:\/\/lioahanoi.com\/index.php?rest_route=\/wp\/v2\/media\/458"}],"wp:attachment":[{"href":"https:\/\/lioahanoi.com\/index.php?rest_route=%2Fwp%2Fv2%2Fmedia&parent=457"}],"wp:term":[{"taxonomy":"product_brand","embeddable":true,"href":"https:\/\/lioahanoi.com\/index.php?rest_route=%2Fwp%2Fv2%2Fproduct_brand&post=457"},{"taxonomy":"product_cat","embeddable":true,"href":"https:\/\/lioahanoi.com\/index.php?rest_route=%2Fwp%2Fv2%2Fproduct_cat&post=457"},{"taxonomy":"product_tag","embeddable":true,"href":"https:\/\/lioahanoi.com\/index.php?rest_route=%2Fwp%2Fv2%2Fproduct_tag&post=457"}],"curies":[{"name":"wp","href":"https:\/\/api.w.org\/{rel}","templated":true}]}}