{"id":526,"date":"2023-03-17T13:13:17","date_gmt":"2023-03-17T13:13:17","guid":{"rendered":"https:\/\/lioahanoi.com\/?post_type=product&#038;p=526"},"modified":"2025-05-15T01:55:08","modified_gmt":"2025-05-15T01:55:08","slug":"on-ap-lioa-30kva-3-pha-sh3-30k-ii-doi-moi-nhat-2022-2023-day-dong-100","status":"publish","type":"product","link":"https:\/\/lioahanoi.com\/?product=on-ap-lioa-30kva-3-pha-sh3-30k-ii-doi-moi-nhat-2022-2023-day-dong-100","title":{"rendered":"\u1ed4N \u00c1P LIOA 30KVA 3 PHA SH3 &#8211; 30K II \u0110\u1edcI M\u1edaI NH\u1ea4T 2022 &#8211; 2023 D\u00c2Y \u0110\u1ed2NG 100%"},"content":{"rendered":"<h2><strong>\u1ed4N \u00c1P LIOA 30KVA 3 PHA\u00a0<\/strong>SH3\u00a0&#8211; 30K\u00a0II \u0110\u1edcI M\u1edaI NH\u1ea4T 2022\u00a0&#8211; 2023<\/h2>\n<p>&#8211;\u00a0<strong>\u1ed4n \u00e1p lioa 30kva 3 pha<\/strong>\u00a0d\u1ea3i \u0111i\u1ec7n \u00e1p v\u00e0o 260v ~ 430v model Sh3 &#8211; 30K II \u0111\u1eddi m\u1edbi nh\u1ea5t 2022\u00a0&#8211; 2023, \u0111\u1ed3ng h\u1ed3 \u0111i\u1ec7n t\u1eed,\u00a0s\u01a1n m\u1ea7u nghi s\u00e1ng, qu\u1ea5n d\u00e2y \u0111\u1ed3ng 100% l\u00e0 lo\u1ea1i \u1ed5n \u00e1p lioa 3 pha th\u00f4ng dung nh\u1ea5t\u00a0b\u00e1n ch\u1ea1y nh\u1ea5t hi\u1ec7n nay<\/p>\n<p>&#8211;\u00a0<strong>Lioa 3 pha 30kva\u00a0<\/strong>do C\u00f4ng Ty TNHH Nh\u1eadt Linh\u00a0s\u1ea3n xu\u1ea5t tr\u00ean d\u00e2y truy\u1ec1n c\u00f4ng ngh\u1ec7 hi\u1ec7n \u0111\u1ea1i 4.0 \u0111\u1ea3m b\u1ea3o ch\u1ea5t l\u01b0\u1ee3ng c\u1ef1c t\u1ed1t b\u1ea3o v\u1ec7 an to\u00e0n tuy\u1ec7t \u0111\u1ed1i cho thi\u1ebft b\u1ecb \u0111i\u1ec7n c\u1ee7a qu\u00fd kh\u00e1ch, ch\u1ea5t l\u01b0\u1ee3ng \u0111\u00e3 \u0111\u01b0\u1ee3c kh\u1eb3ng \u0111\u1ecbnh trong su\u1ea5t 25 n\u0103m qua<\/p>\n<p>&#8211;\u00a0<strong>Lioa 30kva sh3\u00a0<\/strong>chuy\u00ean d\u00f9ng cho c\u00e1c thi\u1ebft b\u1ecb \u0111i\u1ec7n 3 pha 380v ho\u1eb7c 220v\/ 200v v\u00ec c\u00e1c m\u1ee9c \u0111i\u1ec7n \u00e1p ra lu\u00f4n c\u00f3 s\u1eb5n, c\u00f4ng su\u1ea5t t\u1ed1i \u0111a c\u00f3 th\u1ec3 s\u1eed d\u1ee5ng \u0111\u01b0\u1eddng ra 380v l\u00e0: 27kw, \u0111\u01b0\u1eddng ra 200v l\u00e0: 13.5kw<\/p>\n<p>&#8211; C\u00f4ng ty ch\u00fang t\u00f4i lu\u00f4n c\u00e1m k\u1ebft b\u00e1n\u00a0<strong>\u1ed5n \u00e1p lioa 30kva<\/strong>\u00a0h\u00e0ng ch\u00ednh h\u00e3ng, b\u00e1n v\u1edbi gi\u00e1 r\u1ebb nh\u1ea5t th\u1ecb tr\u01b0\u1eddng \u0111\u1ebfn tay ng\u01b0\u1eddi ti\u00eau d\u00f9ng<\/p>\n<p>&#8211;\u00a0<strong>Lioa 30kva<\/strong>\u00a0\u0111\u1eddi m\u1edbi nh\u1ea5t t\u00edch h\u1ee3p \u0111\u1ed3ng h\u1ed3 \u0111i\u1ec7n t\u1eed thay th\u1ebf cho \u0111\u1ed3ng h\u1ed3 c\u01a1 tr\u01b0\u1edbc d\u00e2y, gi\u00fap qu\u00fd kh\u00e1ch h\u00e0ng d\u1ec5 quan s\u00e1t \u0111i\u1ec7n \u00e1p v\u00e0 c\u01b0\u1eddng \u0111\u1ed9 d\u00f2ng \u0111i\u1ec7n<\/p>\n<h3>TH\u00d4NG S\u1ed0 K\u1ef8 THU\u1eacT\u00a0<strong>LIOA 30KVA 3 PHA<\/strong>\u00a0NH\u01af SAU:<\/h3>\n<p>&#8211; M\u00e3 s\u1ea3n ph\u1ea9m: SH3 &#8211; 30K II<\/p>\n<p>&#8211; \u0110i\u1ec7n \u00e1p v\u00e0o 3\u00a0pha: 260V ~ 430V<\/p>\n<p>&#8211; \u0110i\u1ec7n \u00e1p ra 3\u00a0pha: 200V &#8211; 380V<\/p>\n<p>&#8211; K\u00edch th\u01b0\u1edbc (DxRxC)mm: (545x390x1090)mm<\/p>\n<p>&#8211; Tr\u1ecdng l\u01b0\u01a1ng: 87Kg<\/p>\n<p>&#8211; T\u1ea7n s\u1ed1: 49Hz \u2013 62Hz<\/p>\n<p>&#8211; Th\u1eddi gian \u0111\u00e1p \u1ee9ng \u0111i\u1ec7n \u00e1p v\u1edbi 10% \u0111i\u1ec7n \u00e1p \u0111\u1ea7u v\u00e0o thay \u0111\u1ed5i: 0.5s<\/p>\n<p>&#8211; B\u1ea3o v\u1ec7 qu\u00e1 t\u1ea3i, ch\u1eadp t\u1ea3i, ng\u1eafn m\u1ea1ch, qu\u00e1 \u00e1p : B\u1eb1ng Aptomat<\/p>\n<p>&#8211; Bi\u1ebfn \u00e1p t\u1ea3i:\u00a0<strong>Lioa 3 pha 30kva\u00a0<\/strong>qu\u1ea5n d\u00e2y \u0111\u1ed3ng nguy\u00ean ch\u1ea5t 100%<\/p>\n<p>&#8211; M\u1ea7u s\u1eafc: M\u1ea7u ghi s\u00e1ng<\/p>\n<p>&#8211; S\u1ed1 Aptomat: 01\u00a0C\u00e1i ( B\u1ea3o v\u1ec7 qu\u00e1 t\u1ea3i, ng\u1eafn m\u1ea1ch, qu\u00e1 \u00e1p)<\/p>\n<p>&#8211; D\u00f2ng c\u1ef1c \u0111\u1ea1i : 50A<\/p>\n<p>&#8211; \u0110\u1ed3ng h\u1ed3 \u0111o \u0111i\u1ec7n \u00e1p (V): C\u00f3 ( \u0110o \u0111i\u1ec7n \u00e1p \u0111\u1ea7u ra)<\/p>\n<p>&#8211; \u0110\u1ed3ng h\u1ed3 \u0111o d\u00f2ng \u0111i\u1ec7n ( A) : C\u00f3 ( \u0110o d\u00f2ng \u0111i\u1ec7n \u0111\u1ea7u ra)<\/p>\n<p>&#8211; \u0110i\u1ec7n \u00e1p ra: \u0110i\u1ec7n \u00e1p l\u1ea5y ra 08\u00a0c\u1ecdc \u0111\u1ea5u sau m\u00e1y<\/p>\n<p>&#8211; Nhi\u1ec7t \u0111\u1ed9 m\u00f4i tr\u01b0\u1eddng: &#8211; 5 \u0111\u1ed9 C \u0111\u1ebfn + 40 \u0111\u1ed9 C<\/p>\n<p>&#8211; Nguy\u00ean l\u00fd \u0111i\u1ec1u khi\u1ec3n: \u0110\u1ed9ng c\u01a1 m\u00f4 t\u01a1 12V<\/p>\n<p>&#8211;\u00a0<strong>\u1ed4n \u00e1p lioa 30kva\u00a0<\/strong>c\u00f3 t\u00e1c d\u1ee5ng :<\/p>\n<p>+ Lu\u00f4n \u1ed5n \u0111\u1ecbnh \u00e1p \u0111\u1ea7u ra 3 pha l\u00e0 200V &#8211; 380v gi\u00fap cho thi\u1ebft b\u1ecb \u0111i\u1ec7n ph\u00e1t huy \u0111\u01b0\u1ee3c h\u1ebft c\u00e1c t\u00e1c d\u1ee5ng, n\u00e2ng cao tu\u1ed5i th\u1ecd<\/p>\n<p>+ B\u1ea3o v\u1ec7 qu\u00e1 t\u1ea3i, ng\u1eafn m\u1ea1ch b\u1eb1ng aptomat n\u00ean c\u00e1c thi\u1ebft b\u1ecb \u0111i\u1ec7n \u0111\u01b0\u1ee3c b\u1ea3o v\u1ec7 an to\u00e0n tuy\u1ec7t \u0111\u1ed1i kh\u00f4ng lo b\u1ecb s\u1ef1 c\u1ed1 v\u1ec1 \u0111i\u1ec7n<\/p>\n<p>+ B\u1ea3o v\u1ec7 qu\u00e1 \u00e1p b\u1eb1ng m\u1ea1ch \u0111i\u1ec1u khi\u1ec3n Aptomat n\u00ean c\u00e1c c\u00e1c thi\u1ebft b\u1ecb \u0111i\u1ec7n \u0111\u01b0\u1ee3c b\u1ea3o v\u1ec7 tuy\u1ec7t \u0111\u1ed1i kh\u00f4ng lo b\u1ecb ch\u00e1y do \u0111i\u1ec7n \u00e1p \u0111\u1ea7u ra t\u0103ng cao<\/p>\n<p>vvv&#8230;.vvvv<\/p>\n<h3><strong>Ghi ch\u00fa:\u00a0<\/strong><\/h3>\n<div>\n<p>&#8211; Gi\u00e1 tr\u00ean ch\u01b0a\u00a0bao g\u1ed3m thu\u1ebf vat 10%<\/p>\n<p>&#8211;\u00a0Giao h\u00e0ng mi\u1ec5n ph\u00ed tr\u00ean to\u00e0n qu\u1ed1c b\u1eb1ng h\u00ecnh th\u1ee9c:<\/p>\n<p>+ Nh\u00e2n vi\u00ean giao h\u00e0ng t\u1eadn n\u01a1i\u00a0v\u00e0 l\u1eafp \u0111\u1eb7t m\u00e1y \u0111\u1ed1i v\u1edbi kh\u00e1ch h\u00e0ng \u1edf HN\u00a0v\u00e0 HCM ho\u1eb7c c\u00e1ch HN v\u00e0 HCM kho\u1ea3ng 120Km<\/p>\n<p>+\u00a0Chuy\u1ec3n ph\u00e1t nhanh COD ho\u1eb7c g\u1eedi \u00f4 t\u00f4 v\u1edbi nh\u1eefng kh\u00e1ch h\u00e0ng \u1edf c\u00e1c t\u1ec9nh c\u00f2n l\u1ea1i.\u00a0Qu\u00fd kh\u00e1ch t\u1ef1 nh\u1eadn m\u00e1y v\u00e0 l\u1eafp \u0111\u1eb7t m\u00e1y, c\u01b0\u1edbc ph\u00ed g\u1eedi m\u00e1y c\u00f4ng ty ch\u00fang t\u00f4i tr\u1ea3<\/p>\n<p>&#8211; H\u00ecnh th\u1ee9c thanh to\u00e1n: Thanh to\u00e1n 100% ngay sau khi giao h\u00e0ng b\u1eb1ng ti\u1ec1n m\u1eb7t ho\u1eb7c chuy\u1ec3n kho\u1ea3n<\/p>\n<p>&#8211;\u00a0<strong>Lioa 30kva sh3<\/strong>\u00a0\u00a0b\u1ea3o h\u00e0nh 48\u00a0th\u00e1ng\u00a0k\u1ec3 t\u1eeb k\u1ec3 t\u1eeb ng\u00e0y mua t\u1ea1i n\u01a1i l\u1eafp \u0111\u1eb7t m\u00e1y\u00a0( Kh\u00f4ng c\u00f3 ch\u1ebf \u0111\u1ed9 \u0111\u1ed5i m\u1edbi tr\u1eeb tr\u01b0\u1eddng h\u1ee3p v\u1eeba l\u1eafp \u0111\u1eb7t m\u00e1y xong \u0111\u00e3 h\u1ecfng lu\u00f4n)<\/p>\n<p>&#8211; Cam k\u1ebft b\u00e1n h\u00e0ng ch\u00ednh h\u00e3ng m\u1edbi 100% c\u00f3 CO, CQ, H\u00f3a \u0111\u01a1n VAT n\u1ebfu qu\u00fd kh\u00e1ch y\u00eau c\u1ea7u<\/p>\n<div>\n<h3><strong>C\u00f4ng Ty TNHH SX v\u00e0 Tm \u1ed4n \u00c1p Nh\u1eadt Linh \u2013 Vi\u1ec7t Nam<\/strong><\/h3>\n<p>Chuy\u00ean s\u1ea3n xu\u1ea5t v\u00e0 ph\u00e2n ph\u1ed1i c\u00e1c s\u1ea3n ph\u1ea9m Lioa<\/p>\n<\/div>\n<\/div>\n","protected":false},"excerpt":{"rendered":"<p><strong>\u1ed4N \u00c1P LIOA 30KVA 3 PHA<\/strong>\u00a0SH3 &#8211; 30K II \u0110\u1edcI M\u1edaI NH\u1ea4T 2022\u00a0&#8211; 2023, \u0110\u1ed2NG H\u1ed2 \u0110I\u1ec6N T\u1eec, D\u00c2Y \u0110\u1ed2NG 100%, M\u1ea6U GHI S\u00c1NG, L\u1eaeP \u0110\u1eb6T V\u1eacN CHUY\u1ec2N MI\u1ec4N PH\u00cd TR\u00caN TO\u00c0N QU\u1ed0C<\/p>\n","protected":false},"featured_media":527,"comment_status":"open","ping_status":"closed","template":"","meta":[],"product_brand":[],"product_cat":[75],"product_tag":[],"class_list":{"0":"post-526","1":"product","2":"type-product","3":"status-publish","4":"has-post-thumbnail","6":"product_cat-on-ap-lioa-3-pha-30kva","8":"first","9":"instock","10":"sale","11":"shipping-taxable","12":"purchasable","13":"product-type-simple"},"_links":{"self":[{"href":"https:\/\/lioahanoi.com\/index.php?rest_route=\/wp\/v2\/product\/526","targetHints":{"allow":["GET"]}}],"collection":[{"href":"https:\/\/lioahanoi.com\/index.php?rest_route=\/wp\/v2\/product"}],"about":[{"href":"https:\/\/lioahanoi.com\/index.php?rest_route=\/wp\/v2\/types\/product"}],"replies":[{"embeddable":true,"href":"https:\/\/lioahanoi.com\/index.php?rest_route=%2Fwp%2Fv2%2Fcomments&post=526"}],"wp:featuredmedia":[{"embeddable":true,"href":"https:\/\/lioahanoi.com\/index.php?rest_route=\/wp\/v2\/media\/527"}],"wp:attachment":[{"href":"https:\/\/lioahanoi.com\/index.php?rest_route=%2Fwp%2Fv2%2Fmedia&parent=526"}],"wp:term":[{"taxonomy":"product_brand","embeddable":true,"href":"https:\/\/lioahanoi.com\/index.php?rest_route=%2Fwp%2Fv2%2Fproduct_brand&post=526"},{"taxonomy":"product_cat","embeddable":true,"href":"https:\/\/lioahanoi.com\/index.php?rest_route=%2Fwp%2Fv2%2Fproduct_cat&post=526"},{"taxonomy":"product_tag","embeddable":true,"href":"https:\/\/lioahanoi.com\/index.php?rest_route=%2Fwp%2Fv2%2Fproduct_tag&post=526"}],"curies":[{"name":"wp","href":"https:\/\/api.w.org\/{rel}","templated":true}]}}